{"id":520,"date":"2023-07-31T13:26:38","date_gmt":"2023-07-31T12:26:38","guid":{"rendered":"http:\/\/www.garagekeller.com\/wordpress\/?page_id=520"},"modified":"2023-07-31T13:28:04","modified_gmt":"2023-07-31T12:28:04","slug":"demande-de-contact","status":"publish","type":"page","link":"http:\/\/www.garagekeller.com\/wordpress\/acheter-un-vehicule\/demande-de-contact\/","title":{"rendered":"Trouvez moi une voiture sans permis"},"content":{"rendered":"\n<p>En plus de nos v\u00e9hicules en stock, nous vous proposons la possibilit\u00e9 d&rsquo;effectuer une recherche personnalis\u00e9e de v\u00e9hicule. Compl\u00e9tez le formulaire ci dessous et nous vous recontacterons pour d\u00e9velopper votre projet ensemble de voiture sans permis neuve ou d&rsquo;occasion.<\/p>\n\n<div class=\"wpcf7 no-js\" id=\"wpcf7-f518-o1\" lang=\"fr-FR\" dir=\"ltr\" data-wpcf7-id=\"518\">\n<div class=\"screen-reader-response\"><p role=\"status\" aria-live=\"polite\" aria-atomic=\"true\"><\/p> <ul><\/ul><\/div>\n<form action=\"\/wordpress\/wp-json\/wp\/v2\/pages\/520#wpcf7-f518-o1\" method=\"post\" class=\"wpcf7-form init\" aria-label=\"Formulaire de contact\" novalidate=\"novalidate\" data-status=\"init\">\n<fieldset class=\"hidden-fields-container\"><input type=\"hidden\" name=\"_wpcf7\" value=\"518\" \/><input type=\"hidden\" name=\"_wpcf7_version\" value=\"6.1.5\" \/><input type=\"hidden\" name=\"_wpcf7_locale\" value=\"fr_FR\" \/><input type=\"hidden\" name=\"_wpcf7_unit_tag\" value=\"wpcf7-f518-o1\" \/><input type=\"hidden\" name=\"_wpcf7_container_post\" value=\"0\" \/><input type=\"hidden\" name=\"_wpcf7_posted_data_hash\" value=\"\" \/><input type=\"hidden\" name=\"_wpcf7_recaptcha_response\" value=\"\" \/>\n<\/fieldset>\n<p><label> Votre nom (obligatoire)<br \/>\n<span class=\"wpcf7-form-control-wrap\" data-name=\"your-name\"><input size=\"40\" maxlength=\"400\" class=\"wpcf7-form-control wpcf7-text wpcf7-validates-as-required\" aria-required=\"true\" aria-invalid=\"false\" value=\"\" type=\"text\" name=\"your-name\" \/><\/span> <\/label>\n<\/p>\n<p><label> Votre adresse mail (obligatoire)<br \/>\n<span class=\"wpcf7-form-control-wrap\" data-name=\"your-email\"><input size=\"40\" maxlength=\"400\" class=\"wpcf7-form-control wpcf7-email wpcf7-validates-as-required wpcf7-text wpcf7-validates-as-email\" aria-required=\"true\" aria-invalid=\"false\" value=\"\" type=\"email\" name=\"your-email\" \/><\/span> <\/label>\n<\/p>\n<p><label> Votre num\u00e9ro de t\u00e9l\u00e9phone (obligatoire)<br \/>\n<span class=\"wpcf7-form-control-wrap\" data-name=\"your-phone\"><input size=\"40\" maxlength=\"400\" class=\"wpcf7-form-control wpcf7-text wpcf7-validates-as-required\" aria-required=\"true\" aria-invalid=\"false\" value=\"\" type=\"text\" name=\"your-phone\" \/><\/span> <\/label><br \/>\nAidez nous \u00e0 affiner votre projets ( ces choix ne sont pas d\u00e9finitifs bien s\u00fbr )<br \/>\nQuel type de carrosserie souhaitez vous ?<br \/>\n<span class=\"wpcf7-form-control-wrap\" data-name=\"Type_carrosserie\"><span class=\"wpcf7-form-control wpcf7-radio\"><span class=\"wpcf7-list-item first\"><label><input type=\"radio\" name=\"Type_carrosserie\" value=\"Voiture\" checked=\"checked\" \/><span class=\"wpcf7-list-item-label\">Voiture<\/span><\/label><\/span><span class=\"wpcf7-list-item last\"><label><input type=\"radio\" name=\"Type_carrosserie\" value=\"Camionnette\" \/><span class=\"wpcf7-list-item-label\">Camionnette<\/span><\/label><\/span><\/span><\/span>\n<\/p>\n<p>Votre v\u00e9hicule aura t il plut\u00f4t :<br \/>\n<span class=\"wpcf7-form-control-wrap\" data-name=\"Type_moteur\"><span class=\"wpcf7-form-control wpcf7-radio\"><span class=\"wpcf7-list-item first\"><label><input type=\"radio\" name=\"Type_moteur\" value=\"Un moteur electrique avec environ 100km d&#039;autonomie mais rechargeable \u00e0 la maison sur une prise normale\" checked=\"checked\" \/><span class=\"wpcf7-list-item-label\">Un moteur electrique avec environ 100km d&#039;autonomie mais rechargeable \u00e0 la maison sur une prise normale<\/span><\/label><\/span><span class=\"wpcf7-list-item last\"><label><input type=\"radio\" name=\"Type_moteur\" value=\"Un moteur diesel avec environ 450 km d&#039;autonomie mais o\u00f9 l&#039;on peut faire le plein en station essence.\" \/><span class=\"wpcf7-list-item-label\">Un moteur diesel avec environ 450 km d&#039;autonomie mais o\u00f9 l&#039;on peut faire le plein en station essence.<\/span><\/label><\/span><\/span><\/span>\n<\/p>\n<p>Avez vous une reprise ?<br \/>\n<span class=\"wpcf7-form-control-wrap\" data-name=\"radio-reprise\"><span class=\"wpcf7-form-control wpcf7-radio\"><span class=\"wpcf7-list-item first\"><span class=\"wpcf7-list-item-label\">Oui<\/span><input type=\"radio\" name=\"radio-reprise\" value=\"Oui\" checked=\"checked\" \/><\/span><span class=\"wpcf7-list-item last\"><span class=\"wpcf7-list-item-label\">Non<\/span><input type=\"radio\" name=\"radio-reprise\" value=\"Non\" \/><\/span><\/span><\/span><br \/>\n<label> Si oui merci de nous pr\u00e9ciser pour votre reprise : Marque, mod\u00e8le, motorisation, couleur, options, kilom\u00e9trage, frais m\u00e9caniques ou carrosserie \u00e0 pr\u00e9voir, etc...<br \/>\n<span class=\"wpcf7-form-control-wrap\" data-name=\"texte_reprise\"><textarea cols=\"40\" rows=\"10\" maxlength=\"2000\" class=\"wpcf7-form-control wpcf7-textarea\" aria-invalid=\"false\" name=\"texte_reprise\"><\/textarea><\/span> <\/label>\n<\/p>\n<p>Pr\u00e9voyez vous de faire un cr\u00e9dit pour l'achat de votre v\u00e9hicule ?<br \/>\n<span class=\"wpcf7-form-control-wrap\" data-name=\"radio-credit\"><span class=\"wpcf7-form-control wpcf7-radio\"><span class=\"wpcf7-list-item first\"><span class=\"wpcf7-list-item-label\">Oui<\/span><input type=\"radio\" name=\"radio-credit\" value=\"Oui\" checked=\"checked\" \/><\/span><span class=\"wpcf7-list-item last\"><span class=\"wpcf7-list-item-label\">Non<\/span><input type=\"radio\" name=\"radio-credit\" value=\"Non\" \/><\/span><\/span><\/span><br \/>\n\t<center>\n Consentement RGPD\nDans le cadre de la r\u00e8glementation sur la protection g\u00e9n\u00e9rale des donn\u00e9es, j'autorise le Garage Keller Roger et fils \u00e0 conserver les donn\u00e9es saisies dans ce formulaire en accord avec la r\u00e8glementation en vigueur au jour de ma demande.\n\t<\/center>\n\t<center><b><span class=\"wpcf7-form-control-wrap\" data-name=\"checkbox-rgpd\"><span class=\"wpcf7-form-control wpcf7-checkbox wpcf7-validates-as-required\"><span class=\"wpcf7-list-item first last\"><span class=\"wpcf7-list-item-label\">Je donne mon accord, cochez la case ci contre -&gt;<\/span><input type=\"checkbox\" name=\"checkbox-rgpd[]\" value=\"Je donne mon accord, cochez la case ci contre -&gt;\" \/><\/span><\/span><\/span><\/b>\n\t<\/center><br \/>\n<br \/>\n\t<center>\n\t\n<input class=\"wpcf7-form-control wpcf7-submit has-spinner\" type=\"submit\" value=\"Envoyer\" \/>\n\t<\/center>\n<\/p><div class=\"wpcf7-response-output\" aria-hidden=\"true\"><\/div>\n<\/form>\n<\/div>\n\n","protected":false},"excerpt":{"rendered":"","protected":false},"author":1,"featured_media":0,"parent":19,"menu_order":0,"comment_status":"closed","ping_status":"closed","template":"","meta":{"footnotes":""},"class_list":["post-520","page","type-page","status-publish","hentry"],"_links":{"self":[{"href":"http:\/\/www.garagekeller.com\/wordpress\/wp-json\/wp\/v2\/pages\/520","targetHints":{"allow":["GET"]}}],"collection":[{"href":"http:\/\/www.garagekeller.com\/wordpress\/wp-json\/wp\/v2\/pages"}],"about":[{"href":"http:\/\/www.garagekeller.com\/wordpress\/wp-json\/wp\/v2\/types\/page"}],"author":[{"embeddable":true,"href":"http:\/\/www.garagekeller.com\/wordpress\/wp-json\/wp\/v2\/users\/1"}],"replies":[{"embeddable":true,"href":"http:\/\/www.garagekeller.com\/wordpress\/wp-json\/wp\/v2\/comments?post=520"}],"version-history":[{"count":2,"href":"http:\/\/www.garagekeller.com\/wordpress\/wp-json\/wp\/v2\/pages\/520\/revisions"}],"predecessor-version":[{"id":523,"href":"http:\/\/www.garagekeller.com\/wordpress\/wp-json\/wp\/v2\/pages\/520\/revisions\/523"}],"up":[{"embeddable":true,"href":"http:\/\/www.garagekeller.com\/wordpress\/wp-json\/wp\/v2\/pages\/19"}],"wp:attachment":[{"href":"http:\/\/www.garagekeller.com\/wordpress\/wp-json\/wp\/v2\/media?parent=520"}],"curies":[{"name":"wp","href":"https:\/\/api.w.org\/{rel}","templated":true}]}}