{"id":580,"date":"2025-03-30T09:27:29","date_gmt":"2025-03-30T08:27:29","guid":{"rendered":"https:\/\/www.garagekeller.com\/wordpress\/?page_id=580"},"modified":"2025-03-30T09:27:29","modified_gmt":"2025-03-30T08:27:29","slug":"emploi","status":"publish","type":"page","link":"http:\/\/www.garagekeller.com\/wordpress\/emploi\/","title":{"rendered":"Emploi"},"content":{"rendered":"\n<p><\/p>\n\n\n\n<p>Au <strong>Garage Keller Roger et Fils<\/strong>, nous croyons que l\u2019avenir de notre entreprise repose sur les talents et les aspirations de nos collaborateurs. Si vous \u00eates passionn\u00e9(e) par le monde de l&rsquo;automobile et que vous cherchez \u00e0 travailler dans une entreprise o\u00f9 vos id\u00e9es et votre savoir-faire sont r\u00e9ellement \u00e9cout\u00e9s, alors vous \u00eates au bon endroit.<\/p>\n\n\n\n<p>Nous offrons un environnement de travail dynamique et en constante \u00e9volution, o\u00f9 vous pourrez progresser gr\u00e2ce \u00e0 des outils modernes et adapt\u00e9s \u00e0 vos besoins. Que vous soyez expert en m\u00e9canique, carrosserie, vente, ou d\u00e9pannage, vous trouverez ici l\u2019opportunit\u00e9 de relever des d\u00e9fis stimulants et de d\u00e9velopper vos comp\u00e9tences dans un cadre qui favorise la collaboration et l\u2019innovation.<\/p>\n\n\n\n<p>Chez nous, chaque membre de l&rsquo;\u00e9quipe a une place essentielle dans la r\u00e9ussite de notre entreprise. Votre bien-\u00eatre et votre \u00e9panouissement professionnel sont au c\u0153ur de nos priorit\u00e9s. Nous vous offrons une exp\u00e9rience professionnelle enrichissante, dans un secteur en pleine croissance, avec des perspectives d\u2019avancement.<\/p>\n\n\n\n<p>Si vous \u00eates \u00e0 la recherche d\u2019un lieu o\u00f9 vous pourrez non seulement d\u00e9velopper votre carri\u00e8re mais aussi travailler avec une \u00e9quipe qui partage les m\u00eames valeurs de qualit\u00e9, d\u2019\u00e9coute et d\u2019innovation, alors n&rsquo;attendez plus pour rejoindre notre \u00e9quipe.<\/p>\n\n\n\n<p>Pour poser votre candidature, il vous suffit de remplir le formulaire ci-dessous<\/p>\n\n\n\n<hr class=\"wp-block-separator has-alpha-channel-opacity\"\/>\n\n\n\n<div class=\"wp-block-contact-form-7-contact-form-selector\">\n<div class=\"wpcf7 no-js\" id=\"wpcf7-f579-o1\" lang=\"fr-FR\" dir=\"ltr\" data-wpcf7-id=\"579\">\n<div class=\"screen-reader-response\"><p role=\"status\" aria-live=\"polite\" aria-atomic=\"true\"><\/p> <ul><\/ul><\/div>\n<form action=\"\/wordpress\/wp-json\/wp\/v2\/pages\/580#wpcf7-f579-o1\" method=\"post\" class=\"wpcf7-form init\" aria-label=\"Formulaire de contact\" enctype=\"multipart\/form-data\" novalidate=\"novalidate\" data-status=\"init\">\n<fieldset class=\"hidden-fields-container\"><input type=\"hidden\" name=\"_wpcf7\" value=\"579\" \/><input type=\"hidden\" name=\"_wpcf7_version\" value=\"6.1.5\" \/><input type=\"hidden\" name=\"_wpcf7_locale\" value=\"fr_FR\" \/><input type=\"hidden\" name=\"_wpcf7_unit_tag\" value=\"wpcf7-f579-o1\" \/><input type=\"hidden\" name=\"_wpcf7_container_post\" value=\"0\" \/><input type=\"hidden\" name=\"_wpcf7_posted_data_hash\" value=\"\" \/><input type=\"hidden\" name=\"_wpcf7_recaptcha_response\" value=\"\" \/>\n<\/fieldset>\n<p><label> Votre nom<br \/>\n<span class=\"wpcf7-form-control-wrap\" data-name=\"your-nom\"><input size=\"40\" maxlength=\"400\" class=\"wpcf7-form-control wpcf7-text wpcf7-validates-as-required\" autocomplete=\"name\" aria-required=\"true\" aria-invalid=\"false\" value=\"\" type=\"text\" name=\"your-nom\" \/><\/span> <\/label>\n<\/p>\n<p><label> Votre pr\u00e9nom<br \/>\n<span class=\"wpcf7-form-control-wrap\" data-name=\"your-prenom\"><input size=\"40\" maxlength=\"400\" class=\"wpcf7-form-control wpcf7-text wpcf7-validates-as-required\" autocomplete=\"name\" aria-required=\"true\" aria-invalid=\"false\" value=\"\" type=\"text\" name=\"your-prenom\" \/><\/span> <\/label>\n<\/p>\n<p><label> Votre e-mail<br \/>\n<span class=\"wpcf7-form-control-wrap\" data-name=\"your-email\"><input size=\"40\" maxlength=\"400\" class=\"wpcf7-form-control wpcf7-email wpcf7-validates-as-required wpcf7-text wpcf7-validates-as-email\" autocomplete=\"email\" aria-required=\"true\" aria-invalid=\"false\" value=\"\" type=\"email\" name=\"your-email\" \/><\/span> <\/label>\n<\/p>\n<p><label> Votre num\u00e9ro de t\u00e9l\u00e9phone<br \/>\n<span class=\"wpcf7-form-control-wrap\" data-name=\"your-telephone\"><input size=\"40\" maxlength=\"400\" class=\"wpcf7-form-control wpcf7-text wpcf7-validates-as-required\" aria-required=\"true\" aria-invalid=\"false\" value=\"\" type=\"text\" name=\"your-telephone\" \/><\/span> <\/label>\n<\/p>\n<p><label> Vous souhaitez travailler dans quel domaine ?<br \/>\n<span class=\"wpcf7-form-control-wrap\" data-name=\"typedemploi\"><select class=\"wpcf7-form-control wpcf7-select wpcf7-validates-as-required\" aria-required=\"true\" aria-invalid=\"false\" name=\"typedemploi\"><option value=\"M\u00e9canique\">M\u00e9canique<\/option><option value=\"Carrosserie\/Peinture\">Carrosserie\/Peinture<\/option><option value=\"Vente\">Vente<\/option><option value=\"Station Essence\/Accueil\">Station Essence\/Accueil<\/option><option value=\"Comptabilit\u00e9\">Comptabilit\u00e9<\/option><option value=\"D\u00e9pannage\">D\u00e9pannage<\/option><option value=\"Nettoyage\/pr\u00e9paration de voitures\">Nettoyage\/pr\u00e9paration de voitures<\/option><option value=\"Autre\">Autre<\/option><\/select><\/span> <\/label>\n<\/p>\n<p><label> Votre CV (format pdf 5 mb maximum) :<br \/>\n<span class=\"wpcf7-form-control-wrap\" data-name=\"CV\"><input size=\"40\" class=\"wpcf7-form-control wpcf7-file\" accept=\".pdf\" aria-invalid=\"false\" type=\"file\" name=\"CV\" \/><\/span> <\/label>\n<\/p>\n<p><label> Votre lettre de motivation (format pdf 5 mb maximum) :<br \/>\n<span class=\"wpcf7-form-control-wrap\" data-name=\"lettredemotivation\"><input size=\"40\" class=\"wpcf7-form-control wpcf7-file\" accept=\".pdf\" aria-invalid=\"false\" type=\"file\" name=\"lettredemotivation\" \/><\/span> <\/label>\n<\/p>\n<p><label> Expliquez nous ce que vous souhaitez faire dans notre entreprise :<br \/>\n<span class=\"wpcf7-form-control-wrap\" data-name=\"your-message\"><textarea cols=\"40\" rows=\"10\" maxlength=\"2000\" class=\"wpcf7-form-control wpcf7-textarea\" aria-invalid=\"false\" name=\"your-message\"><\/textarea><\/span> <\/label>\n<\/p>\n<p><label> En cochant cette case j'accepte que mes donn\u00e9es soient conserv\u00e9es au del\u00e0 de la dur\u00e9e standard de 1 an. Si je ne souhaite pas que mes donn\u00e9es soient conserv\u00e9es, je peux d\u00e9poser ma candidateure au format papier directement \u00e0 l'entreprise pour un traitement manuel.<\/label>\n<\/p>\n<p><span class=\"wpcf7-form-control-wrap\" data-name=\"rgpd\"><span class=\"wpcf7-form-control wpcf7-checkbox wpcf7-validates-as-required\"><span class=\"wpcf7-list-item first last\"><label><input type=\"checkbox\" name=\"rgpd[]\" value=\"Consentement RGPD\" \/><span class=\"wpcf7-list-item-label\">Consentement RGPD<\/span><\/label><\/span><\/span><\/span>\n<\/p>\n<p><input class=\"wpcf7-form-control wpcf7-submit has-spinner\" type=\"submit\" value=\"Envoyer\" \/>\n<\/p><div class=\"wpcf7-response-output\" aria-hidden=\"true\"><\/div>\n<\/form>\n<\/div>\n<\/div>\n\n\n\n<p><\/p>\n","protected":false},"excerpt":{"rendered":"<p>Au Garage Keller Roger et Fils, nous croyons que l\u2019avenir de notre entreprise repose sur les talents et les aspirations de nos collaborateurs. Si vous \u00eates passionn\u00e9(e) par le monde de l&rsquo;automobile et que vous cherchez \u00e0 travailler dans une entreprise o\u00f9 vos id\u00e9es et votre savoir-faire sont r\u00e9ellement \u00e9cout\u00e9s, alors vous \u00eates au bon [&hellip;]<\/p>\n","protected":false},"author":1,"featured_media":0,"parent":0,"menu_order":0,"comment_status":"closed","ping_status":"closed","template":"","meta":{"footnotes":""},"class_list":["post-580","page","type-page","status-publish","hentry"],"_links":{"self":[{"href":"http:\/\/www.garagekeller.com\/wordpress\/wp-json\/wp\/v2\/pages\/580","targetHints":{"allow":["GET"]}}],"collection":[{"href":"http:\/\/www.garagekeller.com\/wordpress\/wp-json\/wp\/v2\/pages"}],"about":[{"href":"http:\/\/www.garagekeller.com\/wordpress\/wp-json\/wp\/v2\/types\/page"}],"author":[{"embeddable":true,"href":"http:\/\/www.garagekeller.com\/wordpress\/wp-json\/wp\/v2\/users\/1"}],"replies":[{"embeddable":true,"href":"http:\/\/www.garagekeller.com\/wordpress\/wp-json\/wp\/v2\/comments?post=580"}],"version-history":[{"count":2,"href":"http:\/\/www.garagekeller.com\/wordpress\/wp-json\/wp\/v2\/pages\/580\/revisions"}],"predecessor-version":[{"id":582,"href":"http:\/\/www.garagekeller.com\/wordpress\/wp-json\/wp\/v2\/pages\/580\/revisions\/582"}],"wp:attachment":[{"href":"http:\/\/www.garagekeller.com\/wordpress\/wp-json\/wp\/v2\/media?parent=580"}],"curies":[{"name":"wp","href":"https:\/\/api.w.org\/{rel}","templated":true}]}}

<p></p>



<p>Au <strong>Garage Keller Roger et Fils</strong>, nous croyons que l’avenir de notre entreprise repose sur les talents et les aspirations de nos collaborateurs. Si vous êtes passionné(e) par le monde de l&rsquo;automobile et que vous cherchez à travailler dans une entreprise où vos idées et votre savoir-faire sont réellement écoutés, alors vous êtes au bon endroit.</p>



<p>Nous offrons un environnement de travail dynamique et en constante évolution, où vous pourrez progresser grâce à des outils modernes et adaptés à vos besoins. Que vous soyez expert en mécanique, carrosserie, vente, ou dépannage, vous trouverez ici l’opportunité de relever des défis stimulants et de développer vos compétences dans un cadre qui favorise la collaboration et l’innovation.</p>



<p>Chez nous, chaque membre de l&rsquo;équipe a une place essentielle dans la réussite de notre entreprise. Votre bien-être et votre épanouissement professionnel sont au cœur de nos priorités. Nous vous offrons une expérience professionnelle enrichissante, dans un secteur en pleine croissance, avec des perspectives d’avancement.</p>



<p>Si vous êtes à la recherche d’un lieu où vous pourrez non seulement développer votre carrière mais aussi travailler avec une équipe qui partage les mêmes valeurs de qualité, d’écoute et d’innovation, alors n&rsquo;attendez plus pour rejoindre notre équipe.</p>



<p>Pour poser votre candidature, il vous suffit de remplir le formulaire ci-dessous</p>



<hr class="wp-block-separator has-alpha-channel-opacity"/>



<div class="wp-block-contact-form-7-contact-form-selector">
<div class="wpcf7 no-js" id="wpcf7-f579-o1" lang="fr-FR" dir="ltr" data-wpcf7-id="579">
<div class="screen-reader-response"><p role="status" aria-live="polite" aria-atomic="true"></p> <ul></ul></div>
<form action="/wordpress/wp-json/wp/v2/pages/580#wpcf7-f579-o1" method="post" class="wpcf7-form init" aria-label="Formulaire de contact" enctype="multipart/form-data" novalidate="novalidate" data-status="init">
<fieldset class="hidden-fields-container"><input type="hidden" name="_wpcf7" value="579" /><input type="hidden" name="_wpcf7_version" value="6.1.5" /><input type="hidden" name="_wpcf7_locale" value="fr_FR" /><input type="hidden" name="_wpcf7_unit_tag" value="wpcf7-f579-o1" /><input type="hidden" name="_wpcf7_container_post" value="0" /><input type="hidden" name="_wpcf7_posted_data_hash" value="" /><input type="hidden" name="_wpcf7_recaptcha_response" value="" />
</fieldset>
<p><label> Votre nom<br />
<span class="wpcf7-form-control-wrap" data-name="your-nom"><input size="40" maxlength="400" class="wpcf7-form-control wpcf7-text wpcf7-validates-as-required" autocomplete="name" aria-required="true" aria-invalid="false" value="" type="text" name="your-nom" /></span> </label>
</p>
<p><label> Votre prénom<br />
<span class="wpcf7-form-control-wrap" data-name="your-prenom"><input size="40" maxlength="400" class="wpcf7-form-control wpcf7-text wpcf7-validates-as-required" autocomplete="name" aria-required="true" aria-invalid="false" value="" type="text" name="your-prenom" /></span> </label>
</p>
<p><label> Votre e-mail<br />
<span class="wpcf7-form-control-wrap" data-name="your-email"><input size="40" maxlength="400" class="wpcf7-form-control wpcf7-email wpcf7-validates-as-required wpcf7-text wpcf7-validates-as-email" autocomplete="email" aria-required="true" aria-invalid="false" value="" type="email" name="your-email" /></span> </label>
</p>
<p><label> Votre numéro de téléphone<br />
<span class="wpcf7-form-control-wrap" data-name="your-telephone"><input size="40" maxlength="400" class="wpcf7-form-control wpcf7-text wpcf7-validates-as-required" aria-required="true" aria-invalid="false" value="" type="text" name="your-telephone" /></span> </label>
</p>
<p><label> Vous souhaitez travailler dans quel domaine ?<br />
<span class="wpcf7-form-control-wrap" data-name="typedemploi"><select class="wpcf7-form-control wpcf7-select wpcf7-validates-as-required" aria-required="true" aria-invalid="false" name="typedemploi"><option value="Mécanique">Mécanique</option><option value="Carrosserie/Peinture">Carrosserie/Peinture</option><option value="Vente">Vente</option><option value="Station Essence/Accueil">Station Essence/Accueil</option><option value="Comptabilité">Comptabilité</option><option value="Dépannage">Dépannage</option><option value="Nettoyage/préparation de voitures">Nettoyage/préparation de voitures</option><option value="Autre">Autre</option></select></span> </label>
</p>
<p><label> Votre CV (format pdf 5 mb maximum) :<br />
<span class="wpcf7-form-control-wrap" data-name="CV"><input size="40" class="wpcf7-form-control wpcf7-file" accept=".pdf" aria-invalid="false" type="file" name="CV" /></span> </label>
</p>
<p><label> Votre lettre de motivation (format pdf 5 mb maximum) :<br />
<span class="wpcf7-form-control-wrap" data-name="lettredemotivation"><input size="40" class="wpcf7-form-control wpcf7-file" accept=".pdf" aria-invalid="false" type="file" name="lettredemotivation" /></span> </label>
</p>
<p><label> Expliquez nous ce que vous souhaitez faire dans notre entreprise :<br />
<span class="wpcf7-form-control-wrap" data-name="your-message"><textarea cols="40" rows="10" maxlength="2000" class="wpcf7-form-control wpcf7-textarea" aria-invalid="false" name="your-message"></textarea></span> </label>
</p>
<p><label> En cochant cette case j'accepte que mes données soient conservées au delà de la durée standard de 1 an. Si je ne souhaite pas que mes données soient conservées, je peux déposer ma candidateure au format papier directement à l'entreprise pour un traitement manuel.</label>
</p>
<p><span class="wpcf7-form-control-wrap" data-name="rgpd"><span class="wpcf7-form-control wpcf7-checkbox wpcf7-validates-as-required"><span class="wpcf7-list-item first last"><label><input type="checkbox" name="rgpd[]" value="Consentement RGPD" /><span class="wpcf7-list-item-label">Consentement RGPD</span></label></span></span></span>
</p>
<p><input class="wpcf7-form-control wpcf7-submit has-spinner" type="submit" value="Envoyer" />
</p><div class="wpcf7-response-output" aria-hidden="true"></div>
</form>
</div>
</div>



<p></p>

<p>Au Garage Keller Roger et Fils, nous croyons que l’avenir de notre entreprise repose sur les talents et les aspirations de nos collaborateurs. Si vous êtes passionné(e) par le monde de l&rsquo;automobile et que vous cherchez à travailler dans une entreprise où vos idées et votre savoir-faire sont réellement écoutés, alors vous êtes au bon [&hellip;]</p>
