{"id":60,"date":"2016-01-23T16:38:40","date_gmt":"2016-01-23T15:38:40","guid":{"rendered":"http:\/\/www.garagekeller.com\/wordpress\/?page_id=60"},"modified":"2018-07-19T08:59:10","modified_gmt":"2018-07-19T07:59:10","slug":"pieces-de-rechange","status":"publish","type":"page","link":"http:\/\/www.garagekeller.com\/wordpress\/atelier\/pieces-de-rechange\/","title":{"rendered":"Pi\u00e8ces de rechange"},"content":{"rendered":"<p>Nous proposons \u00e0 la vente et \u00e0 la pose les pi\u00e8ces de rechanges d&rsquo;origine constructeur : Ford, Peugeot, Citro\u00ebn, Renault, Opel, Mercedes, etc&#8230; mais \u00e9galement les pi\u00e8ce d&rsquo;\u00e9quipementiers : Bosch, Val\u00e9o, Siemens, Delphi, Monroe, etc&#8230;<\/p>\n<p>Gr\u00e2ce \u00e0 notre r\u00e9seau de fournisseurs, nous disposons de d\u00e9lai de livraison identiques au r\u00e9seaux constructeurs, notre atelier \u00e9tant approvisionn\u00e9 2 fois par jour en semaine.\u00a0Ceci nous permet de proposer des pi\u00e8ces de rechange de qualit\u00e9 au meilleur prix et dans le d\u00e9lai le plus rapide possible.<\/p>\n","protected":false},"excerpt":{"rendered":"<p>Nous proposons \u00e0 la vente et \u00e0 la pose les pi\u00e8ces de rechanges d&rsquo;origine constructeur : Ford, Peugeot, Citro\u00ebn, Renault, Opel, Mercedes, etc&#8230; mais \u00e9galement les pi\u00e8ce d&rsquo;\u00e9quipementiers : Bosch, Val\u00e9o, Siemens, Delphi, Monroe, etc&#8230; Gr\u00e2ce \u00e0 notre r\u00e9seau de fournisseurs, nous disposons de d\u00e9lai de livraison identiques au r\u00e9seaux constructeurs, notre atelier \u00e9tant approvisionn\u00e9 [&hellip;]<\/p>\n","protected":false},"author":1,"featured_media":0,"parent":52,"menu_order":0,"comment_status":"closed","ping_status":"closed","template":"","meta":{"footnotes":""},"class_list":["post-60","page","type-page","status-publish","hentry"],"_links":{"self":[{"href":"http:\/\/www.garagekeller.com\/wordpress\/wp-json\/wp\/v2\/pages\/60","targetHints":{"allow":["GET"]}}],"collection":[{"href":"http:\/\/www.garagekeller.com\/wordpress\/wp-json\/wp\/v2\/pages"}],"about":[{"href":"http:\/\/www.garagekeller.com\/wordpress\/wp-json\/wp\/v2\/types\/page"}],"author":[{"embeddable":true,"href":"http:\/\/www.garagekeller.com\/wordpress\/wp-json\/wp\/v2\/users\/1"}],"replies":[{"embeddable":true,"href":"http:\/\/www.garagekeller.com\/wordpress\/wp-json\/wp\/v2\/comments?post=60"}],"version-history":[{"count":1,"href":"http:\/\/www.garagekeller.com\/wordpress\/wp-json\/wp\/v2\/pages\/60\/revisions"}],"predecessor-version":[{"id":61,"href":"http:\/\/www.garagekeller.com\/wordpress\/wp-json\/wp\/v2\/pages\/60\/revisions\/61"}],"up":[{"embeddable":true,"href":"http:\/\/www.garagekeller.com\/wordpress\/wp-json\/wp\/v2\/pages\/52"}],"wp:attachment":[{"href":"http:\/\/www.garagekeller.com\/wordpress\/wp-json\/wp\/v2\/media?parent=60"}],"curies":[{"name":"wp","href":"https:\/\/api.w.org\/{rel}","templated":true}]}}