{"id":55,"date":"2016-01-23T16:28:06","date_gmt":"2016-01-23T15:28:06","guid":{"rendered":"http:\/\/www.garagekeller.com\/wordpress\/?page_id=55"},"modified":"2018-07-19T08:59:10","modified_gmt":"2018-07-19T07:59:10","slug":"entretien-mecanique","status":"publish","type":"page","link":"https:\/\/www.garagekeller.com\/wordpress\/atelier\/entretien-mecanique\/","title":{"rendered":"Entretien m\u00e9canique"},"content":{"rendered":"<p>L&rsquo;entretien de votre v\u00e9hicule est n\u00e9cessaire \u00e0 son bon fonctionnement. Nous disposons\u00a0des plans d&rsquo;entretien multimarque afin de vous garantir un entretien de qualit\u00e9 dans le respect des pr\u00e9conisations constructeur en rempla\u00e7ant les \u00e9l\u00e9ments n\u00e9cessaires selon leur usure : filtre \u00e0 huile, filtre \u00e0 air, filtre \u00e0 pollen, filtre \u00e0 carburant, bougies d&rsquo;allumage ou de pr\u00e9chauffage&#8230;<\/p>\n<p>Nous proposons \u00e9galement tout remplacement de pi\u00e8ces d&rsquo;usure : amortisseurs, pneus, freins, essuie glaces&#8230;<\/p>\n","protected":false},"excerpt":{"rendered":"<p>L&rsquo;entretien de votre v\u00e9hicule est n\u00e9cessaire \u00e0 son bon fonctionnement. Nous disposons\u00a0des plans d&rsquo;entretien multimarque afin de vous garantir un entretien de qualit\u00e9 dans le respect des pr\u00e9conisations constructeur en rempla\u00e7ant les \u00e9l\u00e9ments n\u00e9cessaires selon leur usure : filtre \u00e0 huile, filtre \u00e0 air, filtre \u00e0 pollen, filtre \u00e0 carburant, bougies d&rsquo;allumage ou de pr\u00e9chauffage&#8230; [&hellip;]<\/p>\n","protected":false},"author":1,"featured_media":0,"parent":52,"menu_order":0,"comment_status":"closed","ping_status":"closed","template":"","meta":{"footnotes":""},"class_list":["post-55","page","type-page","status-publish","hentry"],"_links":{"self":[{"href":"https:\/\/www.garagekeller.com\/wordpress\/wp-json\/wp\/v2\/pages\/55","targetHints":{"allow":["GET"]}}],"collection":[{"href":"https:\/\/www.garagekeller.com\/wordpress\/wp-json\/wp\/v2\/pages"}],"about":[{"href":"https:\/\/www.garagekeller.com\/wordpress\/wp-json\/wp\/v2\/types\/page"}],"author":[{"embeddable":true,"href":"https:\/\/www.garagekeller.com\/wordpress\/wp-json\/wp\/v2\/users\/1"}],"replies":[{"embeddable":true,"href":"https:\/\/www.garagekeller.com\/wordpress\/wp-json\/wp\/v2\/comments?post=55"}],"version-history":[{"count":1,"href":"https:\/\/www.garagekeller.com\/wordpress\/wp-json\/wp\/v2\/pages\/55\/revisions"}],"predecessor-version":[{"id":56,"href":"https:\/\/www.garagekeller.com\/wordpress\/wp-json\/wp\/v2\/pages\/55\/revisions\/56"}],"up":[{"embeddable":true,"href":"https:\/\/www.garagekeller.com\/wordpress\/wp-json\/wp\/v2\/pages\/52"}],"wp:attachment":[{"href":"https:\/\/www.garagekeller.com\/wordpress\/wp-json\/wp\/v2\/media?parent=55"}],"curies":[{"name":"wp","href":"https:\/\/api.w.org\/{rel}","templated":true}]}}